the ten thousands digit of 6070258311?
5
What is the millions digit of 1441314866?
1
What is the tens digit of 915906526?
2
What is the units digit of 112048674?
4
What is the ten thousands digit of 1391531095?
3
What is the units digit of 4781638942?
2
What is the millions digit of 3720202?
3
What is the ten thousands digit of 120384519?
8
What is the hundred thousands digit of 2637129?
6
What is the hundred thousands digit of 223577964?
5
What is the tens digit of 471409156?
5
What is the hundred thousands digit of 420195498?
1
What is the ten thousands digit of 325649744?
4
What is the millions digit of 378949998?
8
What is the tens digit of 4343454901?
0
What is the ten thousands digit of 824812380?
1
What is the thousands digit of 67541126?
1
What is the hundred thousands digit of 309937573?
9
What is the hundred thousands digit of 667120411?
1
What is the millions digit of 36840656?
6
What is the hundred millions digit of 1872582833?
8
What is the tens digit of 5087992244?
4
What is the millions digit of 178720894?
8
What is the ten thousands digit of 14648360?
4
What is the tens digit of 30715345?
4
What is the hundreds digit of 20848129?
1
What is the hundred millions digit of 1347244503?
3
What is the ten thousands digit of 9595225?
9
What is the tens digit of 42443207?
0
What is the ten millions digit of 3901895750?
0
What is the ten thousands digit of 59364183?
6
What is the hundreds digit of 93375975?
9
What is the millions digit of 158199173?
8
What is the hundred millions digit of 5294380204?
2
What is the ten thousands digit of 194507429?
0
What is the thousands digit of 850923049?
3
What is the hundred thousands digit of 5416663466?
6
What is the thousands digit of 813050652?
0
What is the thousands digit of 1135840913?
0
What is the ten millions digit of 373433674?
7
What is the hundred thousands digit of 7370657?
3
What is the ten thousands digit of 2381875348?
7
What is the ten millions digit of 63413564?
6
What is the hundred millions digit of 491093490?
4
What is the hundreds digit of 334467487?
4
What is the millions digit of 57747125?
7
What is the hundred millions digit of 1944799019?
9
What is the ten thousands digit of 404079625?
7
What is the ten thousands digit of 1343031830?
3
What is the billions digit of 3516197324?
3
What is the thousands digit of 970698003?
8
What is the ten thousands digit of 43503320?
0
What is the millions digit of 107979511?
7
What is the ten thousands digit of 197827968?
2
What is the thousands digit of 1763822528?
2
What is the hundreds digit of 209639796?
7
What is the ten millions digit of 247023427?
4
What is the billions digit of 1460817120?
1
What is the billions digit of 2519234033?
2
What is the hundreds digit of 4310852899?
8
What is the ten millions digit of 569905484?
6
What is the millions digit of 209561872?
9
What is the ten millions digit of 217864629?
1
What is the millions digit of 1875146504?
5
What is the hundred thousands digit of 28029530?
0
What is the hundred millions digit of 2203407392?
2
What is the ten millions digit of 1632426896?
3
What is the ten thousands digit of 25380207?
8
What is the ten thousands digit of 107235712?
3
What is the hundred thousands digit of 57602949?
6
What is the millions digit of 205342214?
5
What is the ten thousands digit of 239666308?
6
What is the units digit of 4506776154?
4
What is the tens digit of 243846600?
0
What is the ten thousands digit of 1376029375?
2
What is the ten millions digit of 203032703?
0
What is the hundred thousands digit of 1099438192?
4
What is the units digit of 449821176?
6
What is the units digit of 244812081?
1
What is the hundreds digit of 4461388?
3
What is the hundreds digit of 385799375?
3
What is the thousands digit of 11439566?
9
What is the ten thousands digit of 13429390?
2
What is the millions digit of 262192492?
2
What is the ten thousands digit of 82505335?
0
What is the units digit of 2686438?
8
What is the units digit of 89981013?
3
What is the hundred millions digit of 349792279?
3
What is the ten thousands digit of 1179861603?
6
What is the tens digit of 4011696543?
4
What is the hundred thousands digit of 834676361?
6
What is the tens digit of 421327038?
3
What is the hundreds digit of 835018740?
7
What is the ten thousands digit of 931675320?
7
What is the ten millions digit of 666561655?
6
What is the tens digit of 4183484965?
6
What is the hundred thousands digit of 350823457?
8
What is the hundred millions digit of 1140713717?
1
What is the hundreds digit of 359333612?
6
What is the thousands digit of 33849837?
9
What is the units digit of 2441997124?
4
What is the ten millions digit of 11643391?
1
What is the thousands digit of 1815970323?
0
What is the units digit of 14606010?
0
What is the hundred millions digit of 3036301264?
0
What is the millions digit of 707312422?
7
What is the units digit of 639415474?
4
What is the tens digit of 1910617928?
2
What is the ten thousands digit of 521825105?
2
What is the units digit of 3350901769?
9
What is the millions digit of 254335558?
4
What is the hundred thousands digit of 38291617?
2
What is the millions digit of 564978938?
4
What is the hundred thousands digit of 20636624?
6
What is the thousands digit of 55982299?
2
What is the ten thousands digit of 34238950?
3
What is the thousands digit of 759773657?
3
What is the tens digit of 1832153937?
3
What is the hundreds digit of 20616407?
4
What is the ten thousands digit of 5830286016?
8
What is the thousands digit of 881485029?
5
What is the tens digit of 111799782?
8
What is the hundreds digit of 98611557?
5
What is the millions digit of 47999031?
7
What is the ten millions digit of 46014852?
4
What is the millions digit of 1849652827?
9
What is the units digit of 375341394?
4
What is the millions digit of 125016824?
5
What is the ten thousands digit of 7937771997?
7
What is the thousands digit of 1320289957?
9
What is the thousands digit of 115358841?
8
What is the billions digit of 1186523501?
1
What is the units digit of 149465715?
5
What is the units digit of 97034212?
2
What is the thousands digit of 240425608?
5
What is the millions digit of 13450671?
3
What is the units digit of 3642090857?
7
What is the ten thousands digit of 322090971?
9
What is the tens digit of 2456509954?
5
What is the hundred thousands digit of 264894133?
8
What is the tens digit of 67574022?
2
What is the tens digit of 231191438?
3
What is the tens digit of 87435195?
9
What is the ten millions digit of 232758149?
3
What is the hundred thousands digit of 4136429929?
4
What is the hundred thousands digit of 6310578646?
5
What is the hundreds digit of 18098540?
5
What is the tens digit of 120998831?
3
What is the hundred thousands digit of 3210114000?
1
What is the ten millions digit of 2029037228?
2
What is the ten thousands digit of 49629178?
2
What is the hundred thousands digit of 305200603?
2
What is the hundreds digit of 63862526?
5
What is the hundreds digit of 154854945?
9
What is the thousands digit of 70876700?
6
What is the tens digit of 164802878?
7
What is the hundreds digit of 40842638?
6
What is the units digit of 1492499798?
8
What is the ten millions digit of 789102435?
8
What is the thousands digit of 72185705?
5
What is the hundreds digit of 914966817?
8
What is the units digit of 94166690?
0
What is the billions digit of 6343582226?
6
What is the units digit of 9115308?
8
What is the tens digit of 27819808?
0
What is the thousands digit of 2143225734?
5
What is the tens digit of 744432434?
3
What is the ten thousands digit of 2103054332?
5
What is the ten millions digit of 315835455?
1
What is the tens digit of 20020796?
9
What is the hundreds digit of 1046239970?
9
What is the units digit of 125267331?
1
What is the ten thousands digit of 284677488?
7
What is the millions digit of 173722924?
3
What is the ten thousands digit of 263459714?
5
What is the millions digit of 1352685820?
2
What is the ten millions digit of 686858509?
8
What is the ten thousands digit of 39973174?
7
What is the thousands digit of 590210158?
0
What is the ten thousands digit of 1520192598?
9
What is the hundred millions digit of 148705648?
1
What is the units digit of 220830521?
1
What is the tens digit of 99